?
145
Calculate the greatest common divisor of 1662510 and 230.
10
Calculate the greatest common divisor of 4360 and 3691285.
545
Calculate the greatest common divisor of 2064 and 17557674.
258
What is the highest common divisor of 330006 and 6?
6
Calculate the highest common divisor of 33536 and 20953600.
256
What is the highest common factor of 831794 and 148096?
178
What is the greatest common divisor of 1838210136 and 4012?
4012
Calculate the greatest common divisor of 451521741 and 1503.
501
Calculate the greatest common factor of 310560 and 32640.
480
What is the greatest common factor of 2187 and 49221?
27
What is the highest common divisor of 7 and 2119817?
7
Calculate the greatest common factor of 3534 and 742884.
186
Calculate the greatest common factor of 3647 and 1161146448.
3647
Calculate the greatest common factor of 4158 and 112878.
18
What is the greatest common factor of 8782968 and 15236?
1172
Calculate the highest common factor of 109449161 and 232.
29
What is the highest common divisor of 15519704 and 3824?
1912
What is the highest common divisor of 143176880 and 1360?
80
Calculate the highest common factor of 25157 and 26225029.
2287
Calculate the highest common factor of 1221975 and 19575.
225
Calculate the highest common divisor of 369990 and 711.
9
What is the highest common divisor of 527 and 97786074?
17
What is the highest common factor of 3761763 and 45333?
219
What is the highest common divisor of 6957888 and 61845?
651
What is the greatest common factor of 1330 and 1083418?
266
What is the highest common divisor of 1711325 and 5080?
635
What is the greatest common factor of 3719990 and 45?
5
Calculate the highest common divisor of 88117997 and 517.
517
Calculate the highest common divisor of 448412 and 8.
4
Calculate the highest common divisor of 18310 and 259610166.
3662
What is the highest common factor of 4223 and 50389?
41
What is the greatest common factor of 5070 and 11404770?
390
What is the greatest common divisor of 1547322 and 1498245?
399
Calculate the greatest common divisor of 200 and 1834370.
10
What is the highest common divisor of 169094688 and 1047?
1047
What is the highest common factor of 160 and 227302760?
40
What is the highest common factor of 321 and 408696879?
321
Calculate the highest common divisor of 3663 and 15306456.
1221
What is the greatest common divisor of 126684 and 4706586?
2754
What is the greatest common factor of 488590534 and 21738?
7246
What is the highest common factor of 1902325 and 286563?
1619
Calculate the greatest common divisor of 60 and 14597700.
60
Calculate the greatest common factor of 6336 and 15174144.
576
What is the highest common divisor of 18967474 and 62?
62
Calculate the greatest common factor of 1988 and 868826.
14
Calculate the greatest common factor of 72620 and 1840.
20
Calculate the highest common factor of 22101802 and 35224.
1258
What is the highest common divisor of 4485 and 26013?
897
Calculate the highest common divisor of 11088 and 3772098.
198
What is the greatest common divisor of 1340 and 103820?
20
What is the highest common divisor of 927 and 13281129?
927
Calculate the greatest common divisor of 52 and 79775644.
52
Calculate the greatest common divisor of 33565 and 212660.
245
Calculate the highest common factor of 48 and 83080908.
12
Calculate the highest common factor of 208849 and 457.
457
Calculate the greatest common divisor of 221 and 26786305.
221
What is the highest common divisor of 206 and 90893174?
206
What is the greatest common divisor of 36593532 and 1272?
636
Calculate the greatest common factor of 40832 and 8932.
1276
What is the greatest common divisor of 18836 and 4116788?
68
What is the highest common factor of 2112 and 23764992?
192
Calculate the highest common factor of 34848 and 112662.
198
Calculate the greatest common divisor of 58 and 2716459.
29
What is the greatest common factor of 52910 and 751729?
407
What is the greatest common factor of 8927799 and 22653?
2517
What is the greatest common divisor of 5103 and 2996919?
729
Calculate the greatest common factor of 1000 and 85336.
8
What is the greatest common divisor of 1022966 and 103418?
1246
Calculate the highest common factor of 340776 and 3024.
72
Calculate the greatest common factor of 66144722 and 154.
14
What is the highest common factor of 94 and 5951187?
47
What is the greatest common factor of 631236 and 3444?
492
What is the greatest common divisor of 9301544 and 4564?
28
Calculate the greatest common divisor of 168646 and 5661.
37
What is the highest common factor of 19750846 and 86?
86
Calculate the greatest common factor of 2557894 and 164008.
3154
Calculate the greatest common factor of 72 and 1930092.
12
What is the greatest common factor of 25576 and 10212052?
556
What is the greatest common divisor of 47585 and 4586580?
1535
What is the highest common divisor of 17668919 and 877?
877
Calculate the greatest common divisor of 621 and 36153.
27
What is the greatest common divisor of 12426 and 313614?
114
Calculate the greatest common divisor of 711888 and 1776.
48
What is the greatest common divisor of 211140 and 2718232?
1564
What is the highest common divisor of 100 and 317677040?
20
What is the highest common divisor of 25 and 24128850?
25
What is the highest common factor of 66554610 and 20370?
2910
Calculate the highest common factor of 2234624 and 166754.
602
Calculate the highest common factor of 74 and 16129040.
74
What is the highest common divisor of 586 and 48713008?
586
What is the greatest common divisor of 101720 and 138560?
40
Calculate the highest common factor of 64039 and 486.
1
What is the highest common factor of 68474624 and 256?
256
Calculate the greatest common divisor of 2259387 and 2826.
1413
What is the greatest common factor of 48 and 17377166?
2
Calculate the highest common factor of 8160120 and 1368.
1368
Calculate the highest common divisor of 960 and 3179760.
240
Calculate the highest common factor of 419 and 267616976.
419
What is the greatest common factor of 15853 and 11208901?
83
What is the highest common factor of 584 and 1604540?
292
What is the highest common factor of 24378 and 152960?
478
What is the greatest common divisor of 36370466 and 17782?
1046
Calculate the greatest common factor of 740 and 126360180.
740
What is the highest common divisor of 356500 and 6375?
125
What is the highest common factor of 40 and 18477035?
5
What is the highest common divisor of 165 and 9176849?
11
What is the greatest common divisor of 5823349 and 213?
71
What is the highest common divisor of 4565711 and 5177?
31
What is the greatest common divisor of 3629347 and 2346?
17
What is the greatest common factor of 18212 and 434576?
628
Calculate the greatest common divisor of 15358474 and 1172.
586
Calculate the greatest common factor of 85565392 and 29722.
4246
Calculate the highest common factor of 9382494 and 165.
33
What is the highest common divisor of 370 and 5059935?
185
Calculate the greatest common divisor of 64192 and 148208.
944
Calculate the greatest common factor of 11517273 and 414.
207
What is the greatest common divisor of 47607934 and 726?
242
What is the highest common divisor of 473618 and 1674?
62
What is the greatest common factor of 583569 and 422487?
1413
Calculate the greatest common divisor of 798732144 and 8820.
1764
Calculate the greatest common divisor of 25403938 and 56.
14
What is the greatest common factor of 6538611 and 15?
3
Calculate the greatest common factor of 1664 and 4556890.
26
What is the highest common divisor of 207504178 and 42910?
8582
Calculate the greatest common divisor of 15518265 and 2310.
105
What is the highest common factor of 5 and 13511380?
5
What is the highest common factor of 38 and 382910344?
38
Calculate the greatest common factor of 232683 and 1089.
363
What is the highest common divisor of 991302 and 4275336?
5538
Calculate the highest common divisor of 232202275 and 725.
725
What is the highest common divisor of 1342773 and 171?
9
Calculate the highest common factor of 20006937 and 15678.
603
Calculate the highest common divisor of 37808277 and 78.
39
What is the greatest common divisor of 5642 and 133042?
182
Calculate the greatest common divisor of 27570 and 